tens digit of m?
7
Let c(o) = o**2 - 1. Let y be c(16). Suppose -20 = 5*j + z - 60, 0 = 3*j - 4*z - 47. Suppose 4*q - 2*v = 236, -4*q - 3*v + y = j. What is the units digit of q?
0
Let n(m) = -3*m**3 + 12*m**2 + 4*m + 4. Let t be n(-5). Let q = t + 67. What is the units digit of q?
6
What is the ten thousands digit of (78/(-4))/(9*(-28)/761880)?
5
Let j = 7321 - -489. What is the units digit of j?
0
What is the units digit of 2430716/52 + (60/26)/5?
5
Let j(c) = 4*c**2 + 6*c + 21. Let z(a) = a**2 - a. Let i(h) = -j(h) + 5*z(h). What is the units digit of i(21)?
9
Let t = -44 + 49. Suppose d = -g, -8 = t*g - g. Suppose 44 = d*i - 62. What is the units digit of i?
3
Let t(d) = -376*d + 649. What is the thousands digit of t(-9)?
4
Let r = 9 - 23. Let a(p) = -16*p**2 + 9*p + 16. Let m be a(-2). Let d = r - m. What is the tens digit of d?
5
Let b = 235 + -235. Suppose j - 5*d = 499, -1441 = -3*j - b*d + d. What is the units digit of j?
9
Suppose 20932 = 3*z - 3*g - 29027, -3*g + 49965 = 3*z. What is the thousands digit of z?
6
Suppose -g = 4*y - 12087, -15*g = 5*y - 18*g - 15130. Let t = y + -2106. What is the tens digit of t?
1
Let t be 4/((-6 - -1)/(-5)). Suppose 4*h - 2*y = y + 15, -t*y - 20 = 3*h. Suppose h = 8*v - 262 - 1282. What is the hundreds digit of v?
1
Let v be -1*(-6)/(-9)*-3. Let u be v/((-6)/(-3)) + 2. Suppose u*y + 4*k = 251, 0 = -5*y - 7*k + 3*k + 405. What is the tens digit of y?
7
Let a = 14 - 28. Let d = a - -51. What is the tens digit of d?
3
Suppose -3*q = 2*q - 3*u - 55, 2*q + u = 22. Suppose 6*t - q*t = -325. What is the units digit of 2*((-806)/(-20) - (-13)/t)?
1
What is the hundreds digit of (-8957232)/(-918)*3/4?
3
Suppose 6*f + 5*f + 110 = 0. Let t be (-171)/(-12) + 4/(-16). What is the units digit of (t + f)/(4/2)?
2
Let h(y) = y**3 + 68*y**2 + 320*y - 114. What is the thousands digit of h(-60)?
9
Let m(y) = -5 + 2 + 8*y**2 + 21*y - 8. Let a be 1*(-2)/12 + (-246)/36. What is the units digit of m(a)?
4
Let m(i) = -25*i + 15. Let s be m(5). Let d = s + 67. Let f = d - -84. What is the tens digit of f?
4
Let k(h) = 119*h**2 + 132*h - 3556. What is the tens digit of k(21)?
9
Suppose 2*d = c + 833, 4*d + 11 = -5. Let f = c + 1024. What is the hundreds digit of f?
1
Suppose 39*p - 48*p - 63 = 0. What is the units digit of (p - -3) + (0 - -297)?
3
Suppose -5*i - 62 = 3*z, i - 86 = 5*z + 5*i. Let a = z - -70. Suppose -2*w = 2 - a. What is the tens digit of w?
2
Let h be ((-18)/(-10) - 1)*5. Suppose 0 = 3*w - 2*x - 2044, -w - h*x + 498 + 174 = 0. What is the units digit of w?
0
Let y(p) = 812*p - 2429. What is the thousands digit of y(23)?
6
What is the thousands digit of -2 + 6 + 0 - (-38400)/5?
7
Suppose -21*l - 13250 + 146642 = 0. Suppose -5*f + 4*j + l = 0, -6*f = -f + 2*j - 6364. What is the tens digit of f?
7
Suppose 0 = g - 5*g - 3*c - 97, -5*g - 122 = 4*c. Let t = g + 48. Suppose -138 + t = -4*x. What is the tens digit of x?
2
Let u be (-4)/(44/(-251)) + (-12)/(-66). What is the thousands digit of (2/4)/(((-161)/(-14238))/u)?
1
What is the thousands digit of (-46630)/(-15)*(-5)/10*-3?
4
Suppose 0 = -6*x + 238 - 100. Suppose -2*a = -2*d + 1317 + x, 4*a = -4*d + 2680. What is the tens digit of d?
7
Suppose 49826 + 26474 = 20*u. What is the tens digit of u?
1
Suppose -95767 = -86*f + 1352766 - 340165. What is the thousands digit of f?
2
Suppose 0 = -2*c + 4*x - 16152, 3*x = -2*c + 4*x - 16143. What is the tens digit of 16/20*c/(-12)?
3
Let l(q) = 2*q**2 - 40*q + 2. Let p(k) = k**2 - 13*k + 1. Let v(b) = -3*l(b) + 10*p(b). What is the units digit of v(9)?
8
Let h = 5705 + -250. What is the tens digit of h?
5
Let z = 16 + -13. Let j be (-4)/6 + 254/z. Suppose -9*x + 16*x = j. What is the units digit of x?
2
Let p(n) = -2*n**2 + 115*n + 226. Let a be p(52). Let u = a - 417. What is the hundreds digit of u?
3
Suppose 365*d - 69*d - 1465788 = 1429980. What is the units digit of d?
3
Let f be (-436)/(-8) + 1/2. Let p = 88 - f. What is the units digit of p?
3
Let q be (-1 - (6 + -7))/(1*-1). Suppose 7*i - 4*i - 12 = q. Suppose 0 = 3*f - 2*m - 482 - 52, -4*f - i*m = -732. What is the tens digit of f?
8
Suppose 0 = -c - 2 + 7. Let r be (135/450 + 993/90)*(1 + 38). Suppose -7*x + 3*x - o + 561 = 0, -3*x - c*o + r = 0. What is the tens digit of x?
3
Let u(s) = -2*s**3 - 8*s**2 - 3*s - 9. Let x be u(-6). Let d be (-1)/4 + x/36. Suppose 4*g = 3*w + 796, 5*w + 1000 = d*g + g. What is the hundreds digit of g?
1
Suppose -4*l + 2594 = -l + 2*h, 0 = -2*l - 4*h + 1716. Let s = l + -245. What is the tens digit of s?
2
Suppose 15*n = 19*n + 128. Let q = n + 29. What is the tens digit of q + 19 + -3 + 6?
1
Suppose -36*o - 15448 = -589540. What is the hundreds digit of o?
9
Suppose -22*k + 3*k = 13*k - 640704. What is the hundreds digit of k?
0
Suppose -2892 = 12*p - 51456. What is the units digit of p?
7
Suppose 0 = 4*a + 3*d - 35087, -5*a = -7*a - 4*d + 17556. What is the tens digit of a?
6
Let j be (-8)/(-12)*2826/12. Suppose 0 = -4*d + 7*d + 189. Let s = j + d. What is the tens digit of s?
9
Suppose 5*w = 2*i - 3509, 17*i - 12*i + w - 8813 = 0. Suppose -878 - i = -5*z. What is the units digit of z?
8
Suppose 5*i = 7*k - 2*k - 95, -4*k + 5*i = -75. What is the hundreds digit of 15*(1 + 456/k)?
3
Suppose 2*r + 9*h - 7708 = 11*h, -r = -5*h - 3866. What is the units digit of r?
1
Suppose 50*y + 10 = 52*y. Suppose t - 8 = -4*b - 28, 2*t + y = -b. What is the tens digit of -3 + 102 + t/(-2)?
9
Let f = 275 - 279. Let w(n) = 39*n**2 - 2*n - 18. What is the units digit of w(f)?
4
Suppose 5*b + 5*h - 45 = 15, 4*b - 3*h - 69 = 0. What is the units digit of (36/b*-1)/((-6)/285)?
4
Suppose 4*j = -4*n + 1056, 2*n + 5*j - 537 = -0*n. Suppose 6*x + n = 87. Let c = 6 - x. What is the units digit of c?
5
Let d(w) = -w**3 + 8*w**2 + w + 5. Let h be d(8). Suppose 15*y - h*y = 20. What is the units digit of y + -2 - (-4 - -3)?
9
Suppose z + 7 = s, -3*s + z + 18 = -z. Suppose -s*w = -3 - 9. Suppose -w*t = -4*t + 71. What is the units digit of t?
1
Let f be (1 + -3 + 1)/((-13)/(-598)). Let u(d) = -6*d**2 + 5*d - 3. Let w be u(3). Let p = w - f. What is the units digit of p?
4
Let m(d) = -d**3 + 63*d**2 + 201*d - 196. Let u be m(66). Let f(z) = -z**3 + 2*z**2 + 4*z. Let s be f(3). What is the units digit of s/(27/78) - u/(-6)?
9
Suppose 0 = -20*b + 16*b + 16. Suppose 0*l = -4*n - b*l + 1132, n - 278 = -2*l. What is the tens digit of n?
8
Let k(c) = 35*c**2 - 15*c - 41. Let h(s) = -2*s**3 + 15*s**2 - 7*s - 3. Let l be h(7). What is the hundreds digit of k(l)?
3
Let b(m) = m**3 - 2*m**2 + 5*m - 17. Let p(l) = 3*l - 9. Let s be p(5). What is the hundreds digit of b(s)?
1
Let n = -24 + 29. Suppose 0 = -3*u + n*i + 711, -572 - 362 = -4*u + 2*i. Let y = u + -105. What is the hundreds digit of y?
1
Suppose 2*h - 8*k = -3*k + 42, -36 = -2*h + 2*k. Suppose -20016 = -h*y - 20*y. What is the tens digit of y?
5
Let q be -5 - (80/(-32))/((-2)/(-8)). Suppose -3*c = 5*j - 2760, 6*j - 2*j + q*c = 2195. What is the hundreds digit of j?
5
Let i(r) = r**2 + 5*r - 36. Let j be i(4). Suppose -b + 1733 = 5*a - j*b, b + 343 = a. What is the units digit of a?
6
Let y = 39 - -135. Let k = y + -121. What is the tens digit of 6/2 + -7 + k?
4
Suppose -5*u = 4*n - 501, -3*n + u + u + 370 = 0. Suppose 1996 + n = 10*m. What is the tens digit of m?
1
Let k = 26970 - 18505. What is the units digit of k?
5
Let g(d) = 153*d**2 - 160*d + 650. What is the tens digit of g(4)?
5
Let o(a) = -6*a + 9. Let b be o(-10). Suppose y + 60 = b. What is the units digit of 3/(-2)*(-786)/y?
1
Suppose -262539 = -5*k + 2*h, 105038 = 45*k - 43*k + 2*h. What is the hundreds digit of k?
5
Let f be (833/14)/17*-4. What is the hundreds digit of ((-36)/f)/((-96)/(-18368))?
4
Let y = -87 - -106. What is the hundreds digit of -4 - (154 - -1)*(y + -21)?
3
Suppose 0 = -h + 4*h + 2*x + 36, -h - 12 = -3*x. What is the tens digit of (-10560)/(-18) - (-8)/h?
8
Let t(y) = -y**3 + 19*y**2 - 17*y - 28. Let l be t(18). What is the tens digit of (-9)/15 - 796/l?
7
Let i(f) = -f**2 - 12*f + 68. Let p be i(-16). What is the units digit of -18*p/6*-67?
4
Let r = -5223 + 41575. What is the units digit of r?
2
Suppose 0 = 3*r - 1 - 5. Suppose -r*f = -3*n + 6, 2*f = -f. Suppose 3*i - 3*d = 228, 2*i - 228 = -i - n*d. What is the tens di